137
Calculate the remainder when 3899227 is divided by 487402.
11
Calculate the remainder when 153886558 is divided by 44.
34
What is the remainder when 732247 is divided by 392?
383
What is the remainder when 1599736 is divided by 429?
424
Calculate the remainder when 1069144247 is divided by 664.
663
Calculate the remainder when 8970874 is divided by 297.
286
Calculate the remainder when 1824584 is divided by 868.
48
Calculate the remainder when 4005901 is divided by 41.
37
What is the remainder when 1907693 is divided by 9545?
8238
What is the remainder when 16580 is divided by 3969?
704
Calculate the remainder when 21761763 is divided by 3249.
3210
What is the remainder when 2394748 is divided by 150?
148
Calculate the remainder when 4028954 is divided by 1197.
1049
Calculate the remainder when 615156 is divided by 306460.
2236
Calculate the remainder when 41326 is divided by 5409.
3463
What is the remainder when 5219563 is divided by 121377?
352
Calculate the remainder when 668744 is divided by 222773.
425
Calculate the remainder when 828982 is divided by 659.
619
Calculate the remainder when 4433145 is divided by 1108262.
97
What is the remainder when 24906019 is divided by 102?
67
What is the remainder when 1660569 is divided by 3757?
3732
Calculate the remainder when 1107302 is divided by 146.
38
What is the remainder when 596009 is divided by 8045?
679
What is the remainder when 2771741 is divided by 1945?
116
Calculate the remainder when 4450010 is divided by 2797.
2780
What is the remainder when 5565598 is divided by 1855183?
49
What is the remainder when 1021002 is divided by 228?
18
Calculate the remainder when 146164 is divided by 278.
214
Calculate the remainder when 7486443 is divided by 647.
6
What is the remainder when 880911 is divided by 1584?
207
What is the remainder when 76455 is divided by 275?
5
Calculate the remainder when 27065956 is divided by 4510991.
10
Calculate the remainder when 3274302 is divided by 746.
108
Calculate the remainder when 344781 is divided by 34478.
1
Calculate the remainder when 1442217 is divided by 60073.
465
What is the remainder when 3348402 is divided by 304399?
13
What is the remainder when 141233400 is divided by 1203?
1200
What is the remainder when 219309543 is divided by 453?
12
Calculate the remainder when 414887 is divided by 3137.
803
What is the remainder when 364111 is divided by 5688?
79
What is the remainder when 568924 is divided by 5317?
5
Calculate the remainder when 100148 is divided by 176.
4
Calculate the remainder when 27650151 is divided by 1259.
1252
Calculate the remainder when 44776 is divided by 2544.
1528
Calculate the remainder when 20321280 is divided by 1662.
6
What is the remainder when 1100914 is divided by 275145?
334
Calculate the remainder when 722237 is divided by 9503.
9
Calculate the remainder when 22963 is divided by 7415.
718
Calculate the remainder when 812425 is divided by 2011.
1992
Calculate the remainder when 7700302 is divided by 294.
148
What is the remainder when 1897811 is divided by 158143?
95
What is the remainder when 4749847 is divided by 1787?
1
What is the remainder when 210078 is divided by 26194?
526
What is the remainder when 49249447 is divided by 1030?
1027
Calculate the remainder when 29766098 is divided by 335.
8
Calculate the remainder when 2794236 is divided by 36.
24
What is the remainder when 1615225 is divided by 10987?
136
Calculate the remainder when 652232 is divided by 36231.
74
What is the remainder when 57488211 is divided by 844?
839
What is the remainder when 1329679336 is divided by 26?
24
Calculate the remainder when 271224 is divided by 1135.
1094
What is the remainder when 812123 is divided by 572?
455
What is the remainder when 933062 is divided by 8?
6
Calculate the remainder when 34988 is divided by 10842.
2462
What is the remainder when 141503261 is divided by 25?
11
Calculate the remainder when 997594 is divided by 89.
82
What is the remainder when 45100799 is divided by 45100786?
13
What is the remainder when 93825315 is divided by 42921?
9
What is the remainder when 13141474 is divided by 925?
924
What is the remainder when 79109 is divided by 2064?
677
Calculate the remainder when 4755278 is divided by 19.
15
What is the remainder when 276293 is divided by 126?
101
What is the remainder when 2152766 is divided by 707?
658
Calculate the remainder when 155472 is divided by 51630.
582
What is the remainder when 36162 is divided by 8123?
3670
What is the remainder when 999041 is divided by 55495?
131
What is the remainder when 12577914 is divided by 252?
90
What is the remainder when 54887280 is divided by 317?
315
Calculate the remainder when 681015 is divided by 28.
27
Calculate the remainder when 377012999 is divided by 23.
12
Calculate the remainder when 1576370 is divided by 225137.
411
Calculate the remainder when 8413711 is divided by 58.
57
What is the remainder when 40247 is divided by 20091?
65
What is the remainder when 195432 is divided by 71?
40
Calculate the remainder when 1738250 is divided by 2845.
2800
Calculate the remainder when 1707219 is divided by 406.
395
Calculate the remainder when 11921938 is divided by 1049.
53
Calculate the remainder when 244084 is divided by 121937.
210
What is the remainder when 4750902 is divided by 950180?
2
What is the remainder when 106738158 is divided by 2913?
12
What is the remainder when 5391374 is divided by 33?
32
What is the remainder when 84513 is divided by 14079?
39
What is the remainder when 355171 is divided by 15440?
51
What is the remainder when 57435 is divided by 2388?
123
Calculate the remainder when 56567 is divided by 14077.
259
Calculate the remainder when 257758 is divided by 1909.
43
What is the remainder when 219606 is divided by 73193?
27
What is the remainder when 155701 is divided by 76392?
2917
Calculate the remainder when 21948238 is divided by 1090.
1088
Calculate the remainder when 39509 is divided by 1305.
359
What is the remainder when 99629 is divided by 14206?
187
Calculate the remainder when 8939643 is divided by 162.
159
What is the remainder when 22149055 is divided by 153?
10
Calculate the remainder when 1523759 is divided by 33125.
9
Calculate the remainder when 62270 is divided by 4446.
26
Calculate the remainder when 122074 is divided by 171.
151
Calculate the remainder when 3195701 is divided by 12.
5
What is the remainder when 134572 is divided by 1642?
1570
Calculate the remainder when 56635 is divided by 50.
35
Calculate the remainder when 397021490 is divided by 369.
368
Calculate the remainder when 33194275 is divided by 645.
640
What is the remainder when 152452 is divided by 33?
25
Calculate the remainder when 4423779 is divided by 964.
947
What is the remainder when 697808 is divided by 174421?
124
What is the remainder when 10661896 is divided by 2643?
34
Calculate the remainder when 10543615 is divided by 56.
47
What is the remainder when 746616595 is divided by 1305?
1300
What is the remainder when 209368 is divided by 1529?
1424
What is the remainder when 10585901 is divided by 3203?
3189
Calculate the remainder when 12638707 is divided by 47335.
262
Calculate the remainder when 16601 is divided by 307.
23
Calculate the remainder when 3034919 is divided by 15.
14
Calculate the remainder when 15643570 is divided by 1443.
7
What is the remainder when 2950018 is divided by 589993?
53
What is the remainder when 397863 is divided by 7384?
6511
Calculate the remainder when 1022109 is divided by 7249.
0
Calculate the remainder when 53111795 is divided by 136.
123
Calculate the remainder when 137053199 is divided by 4525.
4524
What is the remainder when 77551 is divided by 452?
259
What is the remainder when 1076019 is divided by 24?
3
Calculate the remainder when 68590906 is divided by 99.
43
Calculate the remainder when 13080 is divided by 3360.
3000
Calculate the remainder when 94391 is divided by 1347.
101
Calculate the remainder when 958421 is divided by 2633.
9
What is the remainder when 43547614 is divided by 168?
166
Calculate the remainder when 3391385 is divided by 478.
453
What is the remainder when 2115 is divided by 466?
251
Calculate the remainder when 1990141 is divided by 2358.
2347
Calculate t